{"id":2,"date":"2017-11-24T16:59:07","date_gmt":"2017-11-24T15:59:07","guid":{"rendered":"http:\/\/unsafnacua.cluster021.hosting.ovh.net\/wp\/?page_id=2"},"modified":"2018-11-07T16:54:03","modified_gmt":"2018-11-07T15:54:03","slug":"nos-valeurs","status":"publish","type":"page","link":"https:\/\/unsa-fnacdarty.org\/?page_id=2","title":{"rendered":"Les valeurs de l&rsquo;UNSA"},"content":{"rendered":"\t\t<div data-elementor-type=\"wp-page\" data-elementor-id=\"2\" class=\"elementor elementor-2 elementor-bc-flex-widget\">\n\t\t\t\t\t\t\t\t\t<section class=\"elementor-section elementor-top-section elementor-element elementor-element-3e89eb48 elementor-section-boxed elementor-section-height-default elementor-section-height-default\" data-id=\"3e89eb48\" data-element_type=\"section\">\n\t\t\t\t\t\t<div class=\"elementor-container elementor-column-gap-default\">\n\t\t\t\t\t<div class=\"elementor-column elementor-col-100 elementor-top-column elementor-element elementor-element-5948e605\" data-id=\"5948e605\" data-element_type=\"column\">\n\t\t\t<div class=\"elementor-widget-wrap elementor-element-populated\">\n\t\t\t\t\t\t\t\t<div class=\"elementor-element elementor-element-74415d4b elementor-widget elementor-widget-text-editor\" data-id=\"74415d4b\" data-element_type=\"widget\" data-widget_type=\"text-editor.default\">\n\t\t\t\t<div class=\"elementor-widget-container\">\n\t\t\t\t\t\t\t<div class=\" col-xs-12 col-sm-8 col-md-8 col-lg-8 \"><div id=\"wa-comptext-j9ymcwsw1duyhm5ts0\" class=\"wa-comptext clearfix\"><h2><span style=\"color: #c4107f;\"><strong>Positive<\/strong><\/span><\/h2><p><span style=\"color: #000000;\">L\u2019UNSA promeut un syndicalisme en ad\u00e9quation avec le monde dans lequel nous vivons. Des adaptations sont n\u00e9cessaires.\u00a0Pour nous, affirmer\u00a0cela c\u2019est sauver les syst\u00e8mes solidaires, sauver des emplois, et c&rsquo;est l&rsquo;assurance d&rsquo;\u00eatre<\/span> <span style=\"color: #10afda;\"><strong>efficace<\/strong><\/span> <span style=\"color: #000000;\">pour les salari\u00e9-es. Chacun sait combien il est plus facile de s\u2019opposer et de d\u00e9noncer que de<\/span> <span style=\"color: #10afda;\"><strong>proposer<\/strong><\/span> <span style=\"color: #000000;\">afin d\u2019\u00eatre un acteur<\/span> <span style=\"color: #10afda;\"><strong>positif<\/strong><\/span> <span style=\"color: #000000;\">et<\/span> <span style=\"color: #10afda;\"><strong>responsable<\/strong><\/span>. <span style=\"color: #000000;\">La th\u00e9orie du \u00abtout ou rien\u00bb m\u00e8ne droit dans le mur et fait le jeu des politiques les plus lib\u00e9rales et les plus injustes.<\/span><\/p><h2><span style=\"color: #c4107f;\"><strong>R\u00e9publicaine<\/strong><\/span><\/h2><p><span style=\"color: #000000;\">L&rsquo;UNSA oeuvre pour le respect\u00a0des principes \u00e9nonc\u00e9s par\u00a0la D\u00e9claration des Droits de l\u2019Homme et du Citoyen de 1789.<\/span><\/p><p><span style=\"color: #000000;\">Nous nous revendiquons\u00a0du camp du<\/span> <span style=\"color: #10afda;\"><strong>progr\u00e8s social<\/strong><\/span>.<\/p><p><span style=\"color: #000000;\">Nous souhaitons combattre\u00a0pour le respect des<\/span> <span style=\"color: #10afda;\"><strong>libert\u00e9s d\u00e9mocratiques<\/strong><\/span> <span style=\"color: #000000;\">et refusons toute forme de racisme et de discrimination.<\/span><\/p><h2><span style=\"color: #c4107f;\"><strong>La\u00efque<\/strong><\/span><\/h2><p><span style=\"color: #000000;\">L\u2019UNSA consid\u00e8re que la la\u00efcit\u00e9 est un principe fondamental et moderne, garant de la<\/span> <span style=\"color: #10afda;\"><strong>libert\u00e9 de conscience<\/strong><\/span> <span style=\"color: #000000;\">et de la<\/span> <span style=\"color: #10afda;\"><strong>tol\u00e9rance<\/strong><\/span> <span style=\"color: #000000;\">mutuelle<\/span>.<\/p><h2><span style=\"color: #c4107f;\"><strong>Europ\u00e9enne<\/strong><\/span><\/h2><p><span style=\"color: #000000;\">L\u2019UNSA est membre de la Conf\u00e9d\u00e9ration Europ\u00e9enne des Syndicats et agit afin que la construction europ\u00e9enne combine harmonieusement les dimensions sociale, \u00e9conomique\u00a0et environnementale. Nous militons pour\u00a0que l\u2019Union Europ\u00e9enne soit une r\u00e9elle union politique et sociale gouvern\u00e9e par\u00a0des institutions<\/span> <span style=\"color: #10afda;\"><strong>d\u00e9mocratiques<\/strong><\/span><span style=\"color: #000000;\">, transparentes et efficaces. Nous consid\u00e9rons\u00a0que l\u2019\u00e9chelon europ\u00e9en est un niveau incontournable du fait de l\u2019impact de la l\u00e9gislation europ\u00e9enne sur la situation des salari\u00e9-es et du fait des march\u00e9s \u00a0financiers non r\u00e9gul\u00e9s.<\/span><\/p><h2><span style=\"color: #c4107f;\"><strong>Notre ADN :\u00a0<\/strong><strong>l\u2019autonomie<\/strong><\/span><\/h2><p><span style=\"color: #000000;\">\u00c0 l\u2019UNSA, ce sont les syndicats et les f\u00e9d\u00e9rations qui \u00e9tablissent leurs revendications et leurs actions.\u00a0L\u2019UNSA respecte l\u2019identit\u00e9\u00a0de ses composantes dans leur fonctionnement interne, leur d\u00e9marche syndicale\u00a0et dans leur expression publique.<\/span><\/p><p><span style=\"color: #10afda;\"><strong>L\u2019autonomie <\/strong><\/span><span style=\"color: #000000;\">permet de faire vivre un syndicalisme\u00a0de terrain en prise directe avec le quotidien des salari\u00e9-es.<\/span><\/p><p><span style=\"color: #10afda;\"><strong>L\u2019autonomie<\/strong><\/span><span style=\"color: #000000;\">, \u00e0 l\u2019UNSA, s\u2019exerce dans le respect\u00a0des valeurs de la charte\u00a0de l\u2019UNSA.<\/span><\/p><h2><span style=\"color: #c4107f;\"><strong>La charte des valeurs de l\u2019UNSA<\/strong><\/span><\/h2><p><span style=\"color: #000000;\">L\u2019UNSA se donne comme mission de d\u00e9velopper en France, en Europe et dans le monde un mouvement syndical r\u00e9formiste, fort et uni, dans le respect des grands principes suivants : attachement \u00e0 la la\u00efcit\u00e9 de la R\u00e9publique, \u00e0 la d\u00e9mocratie, aux libert\u00e9s, \u00e0 la justice sociale, \u00e0 la solidarit\u00e9, \u00e0 la d\u00e9fense du Service public, au droit \u00e0 l\u2019emploi, \u00e0 la fraternit\u00e9 et la tol\u00e9rance, dans la fid\u00e9lit\u00e9 au principe de<\/span> <span style=\"color: #10afda;\"><strong>l\u2019ind\u00e9pendance<\/strong><\/span> <span style=\"color: #000000;\">syndicale.<\/span><\/p><p><span style=\"color: #000000;\">Nous faisons\u00a0de la lutte contre les discriminations l\u2019un de nos\u00a0principes fondateurs. Nous refusons\u00a0toute forme de discrimination telle que d\u00e9finie par l\u2019article L1132-1 du Code du Travail, conform\u00e9ment aux lois 2001-1066 du 16 novembre 2001 et 2008-496 du 27 mai 2010.<\/span><\/p><p><span style=\"color: #000000;\">Nul ne peut se pr\u00e9valoir d\u2019une appartenance \u00e0 l\u2019UNSA s\u2019il ne partage pas ces principes librement consentis :<\/span><\/p><ul><li><span style=\"color: #000000;\">L\u2019\u00e9conomie au service de la personne humaine<\/span><\/li><li><span style=\"color: #000000;\">Pour l\u2019emploi contre l\u2019exclusion<\/span><\/li><li><span style=\"color: #000000;\">Droit du travail : droit des salari\u00e9s &#8211; droit syndical<\/span><\/li><li><span style=\"color: #000000;\">Garantir la protection sociale par la solidarit\u00e9<\/span><\/li><li><span style=\"color: #000000;\">Des Services publics au service de la Nation<\/span><\/li><li><span style=\"color: #000000;\">L\u2019acc\u00e8s \u00e0 la culture, un droit pour tous<\/span><\/li><li><span style=\"color: #000000;\">D\u00e9fendre et promouvoir les libert\u00e9s<\/span><\/li><li><span style=\"color: #000000;\">Contribuer \u00e0 la solidarit\u00e9 internationale<\/span><\/li><li><span style=\"color: #000000;\">Pour un syndicalisme rassembl\u00e9<\/span><\/li><\/ul><p><span style=\"color: #000000;\">Pour consulter\u00a0la Charte de l\u2019UNSA dans son int\u00e9gralit\u00e9,<\/span><span style=\"text-decoration: underline;\"><span style=\"color: #10afda; text-decoration: underline;\"><strong> <a style=\"color: #10afda; text-decoration: underline;\" title=\"\" href=\"http:\/\/www.unsa.org\/IMG\/pdf\/charte.pdf\" target=\"_blank\" rel=\"noopener\">cliquez ici<\/a><\/strong><\/span><\/span><\/p><\/div><\/div>\t\t\t\t\t\t<\/div>\n\t\t\t\t<\/div>\n\t\t\t\t\t<\/div>\n\t\t<\/div>\n\t\t\t\t\t\t\t<\/div>\n\t\t<\/section>\n\t\t\t\t\t\t\t<\/div>\n\t\t","protected":false},"excerpt":{"rendered":"<p>Positive L\u2019UNSA promeut un syndicalisme en ad\u00e9quation avec le monde dans lequel nous vivons. Des adaptations sont n\u00e9cessaires.\u00a0Pour nous, affirmer\u00a0cela c\u2019est sauver les syst\u00e8mes solidaires, sauver des emplois, et c&rsquo;est l&rsquo;assurance d&rsquo;\u00eatre efficace pour les salari\u00e9-es. Chacun sait combien il est plus facile de s\u2019opposer et de d\u00e9noncer que de proposer afin d\u2019\u00eatre un acteur [&hellip;]<\/p>\n","protected":false},"author":1,"featured_media":0,"parent":0,"menu_order":0,"comment_status":"closed","ping_status":"closed","template":"","meta":{"_mi_skip_tracking":false,"_exactmetrics_sitenote_active":false,"_exactmetrics_sitenote_note":"","_exactmetrics_sitenote_category":0,"footnotes":""},"class_list":["post-2","page","type-page","status-publish","hentry","entry"],"_links":{"self":[{"href":"https:\/\/unsa-fnacdarty.org\/index.php?rest_route=\/wp\/v2\/pages\/2","targetHints":{"allow":["GET"]}}],"collection":[{"href":"https:\/\/unsa-fnacdarty.org\/index.php?rest_route=\/wp\/v2\/pages"}],"about":[{"href":"https:\/\/unsa-fnacdarty.org\/index.php?rest_route=\/wp\/v2\/types\/page"}],"author":[{"embeddable":true,"href":"https:\/\/unsa-fnacdarty.org\/index.php?rest_route=\/wp\/v2\/users\/1"}],"replies":[{"embeddable":true,"href":"https:\/\/unsa-fnacdarty.org\/index.php?rest_route=%2Fwp%2Fv2%2Fcomments&post=2"}],"version-history":[{"count":17,"href":"https:\/\/unsa-fnacdarty.org\/index.php?rest_route=\/wp\/v2\/pages\/2\/revisions"}],"predecessor-version":[{"id":1129,"href":"https:\/\/unsa-fnacdarty.org\/index.php?rest_route=\/wp\/v2\/pages\/2\/revisions\/1129"}],"wp:attachment":[{"href":"https:\/\/unsa-fnacdarty.org\/index.php?rest_route=%2Fwp%2Fv2%2Fmedia&parent=2"}],"curies":[{"name":"wp","href":"https:\/\/api.w.org\/{rel}","templated":true}]}}