{"id":993,"date":"2018-04-30T15:36:23","date_gmt":"2018-04-30T13:36:23","guid":{"rendered":"http:\/\/unsa-fnacdarty.org\/?page_id=993"},"modified":"2018-11-20T15:21:21","modified_gmt":"2018-11-20T14:21:21","slug":"plan-dactionnariat-salarie-2018","status":"publish","type":"page","link":"http:\/\/unsa-fnacdarty.org\/?page_id=993","title":{"rendered":"Plan d&rsquo;actionnariat salari\u00e9 2018"},"content":{"rendered":"\t\t<div data-elementor-type=\"wp-page\" data-elementor-id=\"993\" class=\"elementor elementor-993 elementor-bc-flex-widget\">\n\t\t\t\t\t\t\t\t\t<section class=\"elementor-section elementor-top-section elementor-element elementor-element-41e65bf3 elementor-section-boxed elementor-section-height-default elementor-section-height-default\" data-id=\"41e65bf3\" data-element_type=\"section\">\n\t\t\t\t\t\t<div class=\"elementor-container elementor-column-gap-default\">\n\t\t\t\t\t<div class=\"elementor-column elementor-col-100 elementor-top-column elementor-element elementor-element-1b9d6612\" data-id=\"1b9d6612\" data-element_type=\"column\">\n\t\t\t<div class=\"elementor-widget-wrap elementor-element-populated\">\n\t\t\t\t\t\t\t\t<div class=\"elementor-element elementor-element-9c30258 elementor-widget elementor-widget-text-editor\" data-id=\"9c30258\" data-element_type=\"widget\" data-widget_type=\"text-editor.default\">\n\t\t\t\t<div class=\"elementor-widget-container\">\n\t\t\t\t\t\t\t<p style=\"text-align: center;\"><em>30 avril 2018<\/em><\/p>\t\t\t\t\t\t<\/div>\n\t\t\t\t<\/div>\n\t\t\t\t<div class=\"elementor-element elementor-element-f1ba9ff elementor-widget elementor-widget-heading\" data-id=\"f1ba9ff\" data-element_type=\"widget\" data-widget_type=\"heading.default\">\n\t\t\t\t<div class=\"elementor-widget-container\">\n\t\t\t<h2 class=\"elementor-heading-title elementor-size-default\">Tout savoir sur le plan d'actionnariat salari\u00e9<br>FNAC DARTY<\/h2>\t\t<\/div>\n\t\t\t\t<\/div>\n\t\t\t\t<div class=\"elementor-element elementor-element-71a384a4 elementor-widget elementor-widget-text-editor\" data-id=\"71a384a4\" data-element_type=\"widget\" data-widget_type=\"text-editor.default\">\n\t\t\t\t<div class=\"elementor-widget-container\">\n\t\t\t\t\t\t\t<p style=\"text-align: center;\"><em><span style=\"color: #999999;\">(informations donn\u00e9es \u00e0 titre indicatif et sous r\u00e9serve d&rsquo;erreur ou de modification par la direction, sans engagement de la part de l&rsquo;UNSA)<\/span><\/em><\/p><p><strong><span style=\"color: #000000;\">La direction du groupe Fnac-Darty va tr\u00e8s prochainement lancer un plan d&rsquo;actionnariat permettant aux salari\u00e9.e.s d&rsquo;acqu\u00e9rir \u00e0 prix pr\u00e9f\u00e9rentiel des actions du groupe. Comment ? Quels avantages ? Quelles limites ? L&rsquo;UNSA vous dit tout !<br \/><\/span><\/strong><\/p><h2><strong><span style=\"color: #10afda;\">LE PRINCIPE G\u00c9N\u00c9RAL<\/span><\/strong><b><\/b><\/h2><p><span style=\"color: #000000;\">Le principe de base pour souscrire au plan d&rsquo;actionnariat est le suivant : chaque salari\u00e9.e pourra investir dans des actions du groupe avec une remise de 20%.<\/span><\/p><p><span style=\"color: #000000;\">L&rsquo;entreprise fournira un <strong><span style=\"color: #a4107f;\">abondement<\/span> <\/strong>\u00e9gal \u00e0 100% de la somme investie<strong><span style=\"color: #a4107f;\"> \u00e0 concurrence de 700 euros<\/span><\/strong>.<\/span><\/p><p><span style=\"color: #000000;\">Le montant minimum de souscription sera de 100 euros.<\/span><\/p><p><span style=\"color: #000000;\">Les sommes investies seront bloqu\u00e9es 5 ans.<\/span><\/p><h2><strong><span style=\"color: #10afda;\">LES M\u00c9CANISMES DE SOUSCRIPTION<br \/><\/span><\/strong><\/h2><ul><li><b> <span style=\"color: #000000;\">La participation et l&rsquo;int\u00e9ressement<br \/><\/span><\/b><\/li><\/ul><p><span style=\"color: #000000;\">Vous pouvez choisir de verser tout ou partie de votre int\u00e9ressement et de votre participation au plan d&rsquo;actionnariat.<\/span><\/p><p><span style=\"color: #000000;\">D\u00e8s l&rsquo;ouverture de la campagne du versement de l&rsquo;int\u00e9ressement et de la participation, vous pourrez pr\u00e9-affecter le montant d\u00e9sir\u00e9 de votre participation et\/ou de votre int\u00e9ressement dans le fonds <strong>FCPE Actionnariat groupe Fnac Darty relais 2018<\/strong>.<\/span><\/p><p><span style=\"color: #000000;\">Cette pr\u00e9-affectation<strong><span style=\"color: #a4107f;\"> n&rsquo;est pas d\u00e9finitive<\/span><\/strong>. Si, pendant la p\u00e9riode de souscription, vous changez d&rsquo;avis, vous pouvez vous r\u00e9tracter sur tout ou partie des sommes pr\u00e9-affect\u00e9es. Les sommes concern\u00e9es seront alors automatiquement affect\u00e9es sur le support <strong>Amundi Protect 90 ESR. <\/strong>Vous pourrez ensuite effectuer un arbitrage pour affecter ces sommes sur d&rsquo;autres supports du Plan d\u2019\u00c9pargne Groupe. Dans tous les cas, les sommes seront bloqu\u00e9es 5 ans.<\/span><\/p><ul><li><b> <span style=\"color: #000000;\">Versements libres<br \/><\/span><\/b><\/li><\/ul><p><span style=\"color: #000000;\">M\u00eame si vous n&rsquo;avez pr\u00e9-affect\u00e9 aucune aucun montant, vous pouvez choisir d&rsquo;effectuer un<\/span> <span style=\"color: #a4107f;\"><strong>versement volontaire<\/strong><\/span> <span style=\"color: #000000;\">pendant la p\u00e9riode de souscription. Ce versement se fera par un pr\u00e9l\u00e8vement sur votre compte bancaire, et b\u00e9n\u00e9ficiera de l&rsquo;abondement de l&rsquo;entreprise dans les m\u00eames conditions que ci-dessus<\/span>, <strong><span style=\"color: #a4107f;\">dans la limite globale de 700 euros<\/span><\/strong><span style=\"color: #a4107f;\"><span style=\"color: #000000;\">.<\/span><\/span><\/p><h2><strong><span style=\"color: #10afda;\">LES LIMITES<\/span><br \/><\/strong><\/h2><p><span style=\"color: #000000;\">Le nombre maximum d\u2019actions pouvant \u00eatre souscrit (abondement compris) dans le cadre de l\u2019op\u00e9ration soit environ 2% du capital (530\u00a0000 actions).<\/span><\/p><p><span style=\"color: #000000;\">Si le nombre total d\u2019actions demand\u00e9es d\u00e9passe le nombre d\u2019actions de l\u2019enveloppe r\u00e9serv\u00e9e pour cette op\u00e9ration, le nombre d\u2019actions sera r\u00e9duit selon les r\u00e8gles ci-dessous :<\/span><\/p><ul><li><span style=\"color: #000000;\"><span style=\"color: #a4107f;\"><strong>Toutes les souscriptions inf\u00e9rieures ou \u00e9gales \u00e0 1 400 \u20ac seront honor\u00e9es<\/strong><\/span> (<\/span><span style=\"color: #000000;\"><span style=\"color: #000000;\">ce montant correspondant au versement volontaire de 700 \u20ac et d\u2019un abondement de 700 \u20ac brut)<\/span>.<\/span><\/li><li><span style=\"color: #000000;\">Toutes les souscriptions (abondement compris) d\u2019un nombre de titres sup\u00e9rieur au seuil de 1 400 \u20ac seront ensuite servies <strong><span style=\"color: #a4107f;\">proportionnellement au nombre de titres demand\u00e9s et non encore servis<\/span><\/strong>. <\/span><\/li><li><span style=\"color: #000000;\">En cas d\u2019impossibilit\u00e9 d\u2019appliquer le seuil ci-dessus, il sera proc\u00e9d\u00e9 \u00e0 la division du nombre total d\u2019actions disponibles par le nombre de souscripteurs afin d\u2019obtenir la \u00ab moyenne de souscription \u00bb.<\/span><\/li><li><span style=\"color: #000000;\">Toutes les souscriptions (abondement compris) d\u2019un montant \u00e9gal ou inf\u00e9rieur \u00e0 cette \u00ab moyenne de souscription \u00bb seront int\u00e9gralement honor\u00e9es. <\/span><\/li><li><span style=\"color: #000000;\">Toutes les souscriptions (abondement compris) d\u2019un nombre de titres sup\u00e9rieur \u00e0 cette \u00ab moyenne de souscription \u00bb seront ensuite servies proportionnellement au nombre de titres demand\u00e9s et non encore servis.<\/span><\/li><\/ul><h2><span style=\"color: #10afda;\"><strong>A RETENIR<\/strong><\/span><\/h2><ul><li><span style=\"color: #000000;\">La p\u00e9riode de souscription aura lieu <\/span><strong><span style=\"color: #a4107f;\">du 6 au 21 juin 2018<\/span><\/strong>. <br \/><span style=\"color: #000000;\">Pendant cette p\u00e9riode, vous pourrez r\u00e9duire ou annuler la pr\u00e9-affectation de votre int\u00e9ressement et de votre participation ; vous pourrez aussi effectuer un versement volontaire. <\/span><strong><span style=\"color: #a4107f;\">Sans action de votre part<\/span><\/strong>, <span style=\"color: #000000;\"><span style=\"color: #000000;\"><span style=\"color: #000000;\">les sommes pr\u00e9-affect\u00e9es seront d\u00e9finitivement affect\u00e9es au plan d&rsquo;actionnariat.<\/span><\/span><\/span><\/li><li><span style=\"color: #000000;\"><span style=\"color: #000000;\">Le prix d&rsquo;achat des actions avant remise de 20% sera calcul\u00e9 sur la moyenne du cours de bourse des 20 jours pr\u00e9c\u00e9dant la fixation du prix, pr\u00e9vue le 5 juin 2018.<\/span><\/span><\/li><\/ul><ul><li><span style=\"color: #000000;\">L&rsquo;abondement de l&rsquo;entreprise <\/span><strong><span style=\"color: #a4107f;\">b\u00e9n\u00e9ficiera \u00e9galement de la d\u00e9cote<\/span><\/strong> <span style=\"color: #000000;\"><span style=\"color: #000000;\">de 20%.<\/span><\/span><\/li><\/ul><ul><li><span style=\"color: #000000;\">En participant au plan d&rsquo;actionnariat, les salari\u00e9.e.s n&rsquo;acqui\u00e8rent pas directement des actions du groupe FNAC DARTY, mais <\/span><strong><span style=\"color: #a4107f;\">des parts d&rsquo;un Fonds Commun de Placement d&rsquo;Entreprise<\/span><\/strong><span style=\"color: #000000;\"> (FCPE) int\u00e9gralement investi en actions du groupe. Cela entra\u00eene notamment\u00a0 que contrairement aux d\u00e9tenteurs d&rsquo;action en direct,<\/span> <span style=\"color: #a4107f;\"><strong>les souscripteurs n&rsquo;ont pas acc\u00e8s \u00e0 l&rsquo;assembl\u00e9e g\u00e9n\u00e9rale<\/strong> <\/span><span style=\"color: #000000;\"><span style=\"color: #000000;\">des actionnaires ni droit de vote sur les r\u00e9solutions vot\u00e9es lors des assembl\u00e9es g\u00e9n\u00e9rales.<\/span><\/span><\/li><\/ul><ul><li><span style=\"color: #000000;\">Le fond de souscription <b>Actionnariat Groupe Fnac Darty Relais 2018<\/b> est un fonds temporaire cr\u00e9\u00e9 sp\u00e9cifiquement pour recueillir les souscriptions des salari\u00e9s pendant la p\u00e9riode de souscription. Il a vocation \u00e0 fusionner avec le FCPE existant <b>Salari\u00e9s Fnac Darty\u00a0<\/b> \u00e0 l\u2019issue de l\u2019augmentation de capital qui sera r\u00e9alis\u00e9 le 16 juillet 2018 pour pourvoir au plan d&rsquo;actionnariat salari\u00e9.<\/span><\/li><\/ul><p><strong><span style=\"color: #10afda;\"><em>Vous avez des questions qui ne trouvent pas\u00a0 r\u00e9ponse dans cette page ? N&rsquo;h\u00e9sitez pas \u00e0 nous \u00e9crire via notre<\/em><span style=\"color: #10afda;\"><em> <u><a style=\"color: #10afda;\" href=\"http:\/\/unsa-fnacdarty.org\/?page_id=27\">page de contact<\/a><\/u><\/em>.<\/span><em> Nous ferons notre possible pour vous apporter une r\u00e9ponse dans les plus brefs d\u00e9lais.<\/em><\/span><\/strong><\/p>\t\t\t\t\t\t<\/div>\n\t\t\t\t<\/div>\n\t\t\t\t<div class=\"elementor-element elementor-element-5acb7b8c elementor-widget elementor-widget-image\" data-id=\"5acb7b8c\" data-element_type=\"widget\" data-widget_type=\"image.default\">\n\t\t\t\t<div class=\"elementor-widget-container\">\n\t\t\t\t\t\t\t\t\t\t\t\t\t\t\t<img loading=\"lazy\" decoding=\"async\" width=\"950\" height=\"20\" src=\"http:\/\/unsa-fnacdarty.org\/wp-content\/uploads\/2018\/01\/deg_3.png\" class=\"attachment-large size-large wp-image-507\" alt=\"\" srcset=\"http:\/\/unsa-fnacdarty.org\/wp-content\/uploads\/2018\/01\/deg_3.png 950w, http:\/\/unsa-fnacdarty.org\/wp-content\/uploads\/2018\/01\/deg_3-300x6.png 300w, http:\/\/unsa-fnacdarty.org\/wp-content\/uploads\/2018\/01\/deg_3-768x16.png 768w\" sizes=\"auto, (max-width: 950px) 100vw, 950px\" \/>\t\t\t\t\t\t\t\t\t\t\t\t\t\t\t<\/div>\n\t\t\t\t<\/div>\n\t\t\t\t<div class=\"elementor-element elementor-element-a0f2060 elementor-widget elementor-widget-spacer\" data-id=\"a0f2060\" data-element_type=\"widget\" data-widget_type=\"spacer.default\">\n\t\t\t\t<div class=\"elementor-widget-container\">\n\t\t\t\t\t<div class=\"elementor-spacer\">\n\t\t\t<div class=\"elementor-spacer-inner\"><\/div>\n\t\t<\/div>\n\t\t\t\t<\/div>\n\t\t\t\t<\/div>\n\t\t\t\t\t<\/div>\n\t\t<\/div>\n\t\t\t\t\t\t\t<\/div>\n\t\t<\/section>\n\t\t\t\t<section class=\"elementor-section elementor-top-section elementor-element elementor-element-276b3e6b elementor-section-boxed elementor-section-height-default elementor-section-height-default\" data-id=\"276b3e6b\" data-element_type=\"section\">\n\t\t\t\t\t\t<div class=\"elementor-container elementor-column-gap-default\">\n\t\t\t\t\t<div class=\"elementor-column elementor-col-33 elementor-top-column elementor-element elementor-element-4a51fadc\" data-id=\"4a51fadc\" data-element_type=\"column\">\n\t\t\t<div class=\"elementor-widget-wrap\">\n\t\t\t\t\t\t\t\t\t<\/div>\n\t\t<\/div>\n\t\t\t\t<div class=\"elementor-column elementor-col-33 elementor-top-column elementor-element elementor-element-1e1cfb67\" data-id=\"1e1cfb67\" data-element_type=\"column\">\n\t\t\t<div class=\"elementor-widget-wrap elementor-element-populated\">\n\t\t\t\t\t\t\t\t<div class=\"elementor-element elementor-element-417b83c2 elementor-widget elementor-widget-image\" data-id=\"417b83c2\" data-element_type=\"widget\" data-widget_type=\"image.default\">\n\t\t\t\t<div class=\"elementor-widget-container\">\n\t\t\t\t\t\t\t\t\t\t\t\t\t\t\t\t<a href=\"https:\/\/www.yammer.com\/fnac.com\/#\/threads\/inGroup?type=in_group&#038;feedId=10200086&#038;view=all\" target=\"_blank\">\n\t\t\t\t\t\t\t<img decoding=\"async\" src=\"http:\/\/unsa-fnacdarty.org\/wp-content\/uploads\/elementor\/thumbs\/Yammer-nlwon3f9nbpr4t2d8qics8uiln0xj77sc375e9k9x8.png\" title=\"Yammer\" alt=\"Yammer\" class=\"elementor-animation-shrink\" loading=\"lazy\" \/>\t\t\t\t\t\t\t\t<\/a>\n\t\t\t\t\t\t\t\t\t\t\t\t\t\t\t<\/div>\n\t\t\t\t<\/div>\n\t\t\t\t\t<\/div>\n\t\t<\/div>\n\t\t\t\t<div class=\"elementor-column elementor-col-33 elementor-top-column elementor-element elementor-element-427e6a90\" data-id=\"427e6a90\" data-element_type=\"column\">\n\t\t\t<div class=\"elementor-widget-wrap elementor-element-populated\">\n\t\t\t\t\t\t\t\t<div class=\"elementor-element elementor-element-735ae895 elementor-widget elementor-widget-text-editor\" data-id=\"735ae895\" data-element_type=\"widget\" data-widget_type=\"text-editor.default\">\n\t\t\t\t<div class=\"elementor-widget-container\">\n\t\t\t\t\t\t\t<p><a href=\"https:\/\/www.yammer.com\/fnac.com\/#\/threads\/inGroup?type=in_group&amp;feedId=10200086&amp;view=all\" target=\"_blank\" rel=\"noopener\"><strong><span style=\"color: #000000;\"><span style=\"color: #10afda;\">Suivez l&rsquo;actualit\u00e9 de l&rsquo;UNSA Fnac-Darty sur Yammer<\/span><\/span><\/strong><\/a><\/p>\t\t\t\t\t\t<\/div>\n\t\t\t\t<\/div>\n\t\t\t\t\t<\/div>\n\t\t<\/div>\n\t\t\t\t\t\t\t<\/div>\n\t\t<\/section>\n\t\t\t\t<section class=\"elementor-section elementor-top-section elementor-element elementor-element-50c7edde elementor-section-boxed elementor-section-height-default elementor-section-height-default\" data-id=\"50c7edde\" data-element_type=\"section\">\n\t\t\t\t\t\t<div class=\"elementor-container elementor-column-gap-default\">\n\t\t\t\t\t<div class=\"elementor-column elementor-col-33 elementor-top-column elementor-element elementor-element-61dd1473\" data-id=\"61dd1473\" data-element_type=\"column\">\n\t\t\t<div class=\"elementor-widget-wrap\">\n\t\t\t\t\t\t\t\t\t<\/div>\n\t\t<\/div>\n\t\t\t\t<div class=\"elementor-column elementor-col-33 elementor-top-column elementor-element elementor-element-17134c12\" data-id=\"17134c12\" data-element_type=\"column\">\n\t\t\t<div class=\"elementor-widget-wrap elementor-element-populated\">\n\t\t\t\t\t\t\t\t<div class=\"elementor-element elementor-element-60d30b5c elementor-view-default elementor-widget elementor-widget-icon\" data-id=\"60d30b5c\" data-element_type=\"widget\" data-widget_type=\"icon.default\">\n\t\t\t\t<div class=\"elementor-widget-container\">\n\t\t\t\t\t<div class=\"elementor-icon-wrapper\">\n\t\t\t<a class=\"elementor-icon elementor-animation-shrink\" href=\"https:\/\/twitter.com\/UNSA_FNACDARTY\" target=\"_blank\">\n\t\t\t\t\t\t\t<i class=\"fa fa-twitter\" aria-hidden=\"true\"><\/i>\n\t\t\t\t\t\t<\/a>\n\t\t<\/div>\n\t\t\t\t<\/div>\n\t\t\t\t<\/div>\n\t\t\t\t\t<\/div>\n\t\t<\/div>\n\t\t\t\t<div class=\"elementor-column elementor-col-33 elementor-top-column elementor-element elementor-element-78aa9f66\" data-id=\"78aa9f66\" data-element_type=\"column\">\n\t\t\t<div class=\"elementor-widget-wrap elementor-element-populated\">\n\t\t\t\t\t\t\t\t<div class=\"elementor-element elementor-element-679be203 elementor-widget elementor-widget-text-editor\" data-id=\"679be203\" data-element_type=\"widget\" data-widget_type=\"text-editor.default\">\n\t\t\t\t<div class=\"elementor-widget-container\">\n\t\t\t\t\t\t\t<p><a href=\"https:\/\/twitter.com\/UNSA_FNACDARTY\" target=\"_blank\" rel=\"noopener\"><strong><span style=\"color: #000000;\"><span style=\"color: #10afda;\">Suivez l&rsquo;actualit\u00e9 de l&rsquo;UNSA Fnac-Darty sur Twitter<\/span><\/span><\/strong><\/a><\/p>\t\t\t\t\t\t<\/div>\n\t\t\t\t<\/div>\n\t\t\t\t\t<\/div>\n\t\t<\/div>\n\t\t\t\t\t\t\t<\/div>\n\t\t<\/section>\n\t\t\t\t\t\t\t<\/div>\n\t\t","protected":false},"excerpt":{"rendered":"<p>30 avril 2018 Tout savoir sur le plan d&rsquo;actionnariat salari\u00e9FNAC DARTY (informations donn\u00e9es \u00e0 titre indicatif et sous r\u00e9serve d&rsquo;erreur ou de modification par la direction, sans engagement de la part de l&rsquo;UNSA) La direction du groupe Fnac-Darty va tr\u00e8s prochainement lancer un plan d&rsquo;actionnariat permettant aux salari\u00e9.e.s d&rsquo;acqu\u00e9rir \u00e0 prix pr\u00e9f\u00e9rentiel des actions du [&hellip;]<\/p>\n","protected":false},"author":1,"featured_media":0,"parent":0,"menu_order":0,"comment_status":"closed","ping_status":"closed","template":"","meta":{"_mi_skip_tracking":false,"_exactmetrics_sitenote_active":false,"_exactmetrics_sitenote_note":"","_exactmetrics_sitenote_category":0,"footnotes":""},"class_list":["post-993","page","type-page","status-publish","hentry","entry"],"_links":{"self":[{"href":"http:\/\/unsa-fnacdarty.org\/index.php?rest_route=\/wp\/v2\/pages\/993","targetHints":{"allow":["GET"]}}],"collection":[{"href":"http:\/\/unsa-fnacdarty.org\/index.php?rest_route=\/wp\/v2\/pages"}],"about":[{"href":"http:\/\/unsa-fnacdarty.org\/index.php?rest_route=\/wp\/v2\/types\/page"}],"author":[{"embeddable":true,"href":"http:\/\/unsa-fnacdarty.org\/index.php?rest_route=\/wp\/v2\/users\/1"}],"replies":[{"embeddable":true,"href":"http:\/\/unsa-fnacdarty.org\/index.php?rest_route=%2Fwp%2Fv2%2Fcomments&post=993"}],"version-history":[{"count":32,"href":"http:\/\/unsa-fnacdarty.org\/index.php?rest_route=\/wp\/v2\/pages\/993\/revisions"}],"predecessor-version":[{"id":1199,"href":"http:\/\/unsa-fnacdarty.org\/index.php?rest_route=\/wp\/v2\/pages\/993\/revisions\/1199"}],"wp:attachment":[{"href":"http:\/\/unsa-fnacdarty.org\/index.php?rest_route=%2Fwp%2Fv2%2Fmedia&parent=993"}],"curies":[{"name":"wp","href":"https:\/\/api.w.org\/{rel}","templated":true}]}}