{"id":529,"date":"2018-01-12T15:40:10","date_gmt":"2018-01-12T14:40:10","guid":{"rendered":"http:\/\/unsafnacua.cluster021.hosting.ovh.net\/wp\/?page_id=529"},"modified":"2018-11-20T15:36:09","modified_gmt":"2018-11-20T14:36:09","slug":"references-sociales-et-legislatives","status":"publish","type":"page","link":"http:\/\/unsa-fnacdarty.org\/?page_id=529","title":{"rendered":"Fonctionnement du CSE"},"content":{"rendered":"\t\t<div data-elementor-type=\"wp-page\" data-elementor-id=\"529\" class=\"elementor elementor-529 elementor-bc-flex-widget\">\n\t\t\t\t\t\t\t\t\t<section class=\"elementor-section elementor-top-section elementor-element elementor-element-85648e4 elementor-section-boxed elementor-section-height-default elementor-section-height-default\" data-id=\"85648e4\" data-element_type=\"section\">\n\t\t\t\t\t\t<div class=\"elementor-container elementor-column-gap-default\">\n\t\t\t\t\t<div class=\"elementor-column elementor-col-100 elementor-top-column elementor-element elementor-element-bad4ff2\" data-id=\"bad4ff2\" data-element_type=\"column\">\n\t\t\t<div class=\"elementor-widget-wrap elementor-element-populated\">\n\t\t\t\t\t\t\t\t<div class=\"elementor-element elementor-element-e4e15bf elementor-widget elementor-widget-text-editor\" data-id=\"e4e15bf\" data-element_type=\"widget\" data-widget_type=\"text-editor.default\">\n\t\t\t\t<div class=\"elementor-widget-container\">\n\t\t\t\t\t\t\t<p style=\"text-align: center;\"><em>12 janvier 2018<\/em><\/p>\t\t\t\t\t\t<\/div>\n\t\t\t\t<\/div>\n\t\t\t\t<div class=\"elementor-element elementor-element-1d6cb78 elementor-widget elementor-widget-heading\" data-id=\"1d6cb78\" data-element_type=\"widget\" data-widget_type=\"heading.default\">\n\t\t\t\t<div class=\"elementor-widget-container\">\n\t\t\t<h2 class=\"elementor-heading-title elementor-size-default\">INFOGRAPHIE CSE<\/h2>\t\t<\/div>\n\t\t\t\t<\/div>\n\t\t\t\t<div class=\"elementor-element elementor-element-473501e elementor-widget elementor-widget-spacer\" data-id=\"473501e\" data-element_type=\"widget\" data-widget_type=\"spacer.default\">\n\t\t\t\t<div class=\"elementor-widget-container\">\n\t\t\t\t\t<div class=\"elementor-spacer\">\n\t\t\t<div class=\"elementor-spacer-inner\"><\/div>\n\t\t<\/div>\n\t\t\t\t<\/div>\n\t\t\t\t<\/div>\n\t\t\t\t<section class=\"elementor-section elementor-inner-section elementor-element elementor-element-941d81d elementor-section-boxed elementor-section-height-default elementor-section-height-default\" data-id=\"941d81d\" data-element_type=\"section\">\n\t\t\t\t\t\t<div class=\"elementor-container elementor-column-gap-default\">\n\t\t\t\t\t<div class=\"elementor-column elementor-col-100 elementor-inner-column elementor-element elementor-element-891c0a5\" data-id=\"891c0a5\" data-element_type=\"column\">\n\t\t\t<div class=\"elementor-widget-wrap elementor-element-populated\">\n\t\t\t\t\t\t\t\t<div class=\"elementor-element elementor-element-a704f88 elementor-widget elementor-widget-text-editor\" data-id=\"a704f88\" data-element_type=\"widget\" data-widget_type=\"text-editor.default\">\n\t\t\t\t<div class=\"elementor-widget-container\">\n\t\t\t\t\t\t\t<p><span style=\"color: #000000; font-size: 18px;\">Suite \u00e0 la promulgation des Ordonnances Macron, un <\/span><strong style=\"color: #000000; font-size: 18px;\">Conseil Social et \u00e9conomique (CSE)<\/strong><span style=\"color: #000000; font-size: 18px;\"> va bient\u00f4t remplacer les trois instances de repr\u00e9sentation des salari\u00e9s que sont le Comit\u00e9 d\u2019Entreprise (CE), le Comit\u00e9 d\u2019hygi\u00e8ne, de S\u00e9curit\u00e9 et des Conditions de Travail (CHSCT) et les D\u00e9l\u00e9gu\u00e9s du Personnel (DP).<\/span><\/p><p><span style=\"color: #000000;\">Une triste r\u00e9gression sociale r\u00e9sum\u00e9e dans<\/span><span style=\"text-decoration: underline; color: #10afda;\"><strong> <a style=\"color: #10afda; text-decoration: underline;\" href=\"http:\/\/unsa-fnacdarty.org\/wp-content\/uploads\/2018\/01\/infographie-CSE-Actuelce.pdf-au-11-01-2018.pdf\">cette infographie<\/a><\/strong><\/span><\/p><p><span style=\"color: #c4107f;\">mise \u00e0 jour du 18 septembre 2018 :<\/span><\/p><p><span style=\"color: #000000;\">Un accord d&rsquo;entreprise a \u00e9t\u00e9 conclu ce jour pour la mise en place du CSE dans le sous-groupe Fnac. Retrouvez l&rsquo;int\u00e9gralit\u00e9 de l&rsquo;accord <strong><span style=\"text-decoration: underline;\"><a href=\"http:\/\/unsa-fnacdarty.org\/wp-content\/uploads\/2018\/11\/accord-CSE-Fnac-18-09-2018.pdf\">ici<\/a><\/span><\/strong><\/span><\/p>\t\t\t\t\t\t<\/div>\n\t\t\t\t<\/div>\n\t\t\t\t\t<\/div>\n\t\t<\/div>\n\t\t\t\t\t\t\t<\/div>\n\t\t<\/section>\n\t\t\t\t<div class=\"elementor-element elementor-element-fce4233 elementor-widget elementor-widget-image\" data-id=\"fce4233\" data-element_type=\"widget\" data-widget_type=\"image.default\">\n\t\t\t\t<div class=\"elementor-widget-container\">\n\t\t\t\t\t\t\t\t\t\t\t\t\t\t\t<img loading=\"lazy\" decoding=\"async\" width=\"950\" height=\"20\" src=\"http:\/\/unsa-fnacdarty.org\/wp-content\/uploads\/2018\/01\/deg_3.png\" class=\"attachment-large size-large wp-image-507\" alt=\"\" srcset=\"http:\/\/unsa-fnacdarty.org\/wp-content\/uploads\/2018\/01\/deg_3.png 950w, http:\/\/unsa-fnacdarty.org\/wp-content\/uploads\/2018\/01\/deg_3-300x6.png 300w, http:\/\/unsa-fnacdarty.org\/wp-content\/uploads\/2018\/01\/deg_3-768x16.png 768w\" sizes=\"auto, (max-width: 950px) 100vw, 950px\" \/>\t\t\t\t\t\t\t\t\t\t\t\t\t\t\t<\/div>\n\t\t\t\t<\/div>\n\t\t\t\t\t<\/div>\n\t\t<\/div>\n\t\t\t\t\t\t\t<\/div>\n\t\t<\/section>\n\t\t\t\t\t\t\t<\/div>\n\t\t","protected":false},"excerpt":{"rendered":"<p>12 janvier 2018 INFOGRAPHIE CSE Suite \u00e0 la promulgation des Ordonnances Macron, un Conseil Social et \u00e9conomique (CSE) va bient\u00f4t remplacer les trois instances de repr\u00e9sentation des salari\u00e9s que sont le Comit\u00e9 d\u2019Entreprise (CE), le Comit\u00e9 d\u2019hygi\u00e8ne, de S\u00e9curit\u00e9 et des Conditions de Travail (CHSCT) et les D\u00e9l\u00e9gu\u00e9s du Personnel (DP). Une triste r\u00e9gression sociale [&hellip;]<\/p>\n","protected":false},"author":1,"featured_media":0,"parent":0,"menu_order":0,"comment_status":"closed","ping_status":"closed","template":"","meta":{"_mi_skip_tracking":false,"_exactmetrics_sitenote_active":false,"_exactmetrics_sitenote_note":"","_exactmetrics_sitenote_category":0,"footnotes":""},"class_list":["post-529","page","type-page","status-publish","hentry","entry"],"_links":{"self":[{"href":"http:\/\/unsa-fnacdarty.org\/index.php?rest_route=\/wp\/v2\/pages\/529","targetHints":{"allow":["GET"]}}],"collection":[{"href":"http:\/\/unsa-fnacdarty.org\/index.php?rest_route=\/wp\/v2\/pages"}],"about":[{"href":"http:\/\/unsa-fnacdarty.org\/index.php?rest_route=\/wp\/v2\/types\/page"}],"author":[{"embeddable":true,"href":"http:\/\/unsa-fnacdarty.org\/index.php?rest_route=\/wp\/v2\/users\/1"}],"replies":[{"embeddable":true,"href":"http:\/\/unsa-fnacdarty.org\/index.php?rest_route=%2Fwp%2Fv2%2Fcomments&post=529"}],"version-history":[{"count":13,"href":"http:\/\/unsa-fnacdarty.org\/index.php?rest_route=\/wp\/v2\/pages\/529\/revisions"}],"predecessor-version":[{"id":1208,"href":"http:\/\/unsa-fnacdarty.org\/index.php?rest_route=\/wp\/v2\/pages\/529\/revisions\/1208"}],"wp:attachment":[{"href":"http:\/\/unsa-fnacdarty.org\/index.php?rest_route=%2Fwp%2Fv2%2Fmedia&parent=529"}],"curies":[{"name":"wp","href":"https:\/\/api.w.org\/{rel}","templated":true}]}}